{"id":9462,"date":"2023-10-26T18:55:14","date_gmt":"2023-10-26T18:55:14","guid":{"rendered":"https:\/\/arcalum.cl\/?post_type=product&#038;p=9462"},"modified":"2025-04-21T16:51:18","modified_gmt":"2025-04-21T16:51:18","slug":"cierre-de-bano","status":"publish","type":"product","link":"https:\/\/arcalum.cl\/index.php\/producto\/cierre-de-bano\/","title":{"rendered":"Mampara de Ba\u00f1o"},"content":{"rendered":"","protected":false},"excerpt":{"rendered":"<p style=\"text-align: justify;\">Una mampara de ba\u00f1o es una estructura dise\u00f1ada espec\u00edficamente para separar la zona de la ducha o ba\u00f1era del resto del cuarto de ba\u00f1o, con el prop\u00f3sito de contener el agua dentro de esa \u00e1rea y evitar que se extienda por el suelo del ba\u00f1o. Estas mamparas son comunes en ba\u00f1os modernos y se fabrican en una variedad de estilos y materiales para adaptarse a diferentes preferencias est\u00e9ticas y necesidades de dise\u00f1o.<\/p>\n","protected":false},"featured_media":9444,"template":"","meta":{"_joinchat":[]},"product_cat":[114],"product_tag":[],"class_list":{"0":"post-9462","1":"product","2":"type-product","3":"status-publish","4":"has-post-thumbnail","6":"product_cat-showers","8":"first","9":"instock","10":"shipping-taxable","11":"product-type-simple"},"acf":[],"_links":{"self":[{"href":"https:\/\/arcalum.cl\/index.php\/wp-json\/wp\/v2\/product\/9462"}],"collection":[{"href":"https:\/\/arcalum.cl\/index.php\/wp-json\/wp\/v2\/product"}],"about":[{"href":"https:\/\/arcalum.cl\/index.php\/wp-json\/wp\/v2\/types\/product"}],"wp:featuredmedia":[{"embeddable":true,"href":"https:\/\/arcalum.cl\/index.php\/wp-json\/wp\/v2\/media\/9444"}],"wp:attachment":[{"href":"https:\/\/arcalum.cl\/index.php\/wp-json\/wp\/v2\/media?parent=9462"}],"wp:term":[{"taxonomy":"product_cat","embeddable":true,"href":"https:\/\/arcalum.cl\/index.php\/wp-json\/wp\/v2\/product_cat?post=9462"},{"taxonomy":"product_tag","embeddable":true,"href":"https:\/\/arcalum.cl\/index.php\/wp-json\/wp\/v2\/product_tag?post=9462"}],"curies":[{"name":"wp","href":"https:\/\/api.w.org\/{rel}","templated":true}]}}