{"id":9535,"date":"2023-11-07T12:33:42","date_gmt":"2023-11-07T12:33:42","guid":{"rendered":"https:\/\/arcalum.cl\/?post_type=product&#038;p=9535"},"modified":"2025-04-21T16:56:27","modified_gmt":"2025-04-21T16:56:27","slug":"shower-door-santiago","status":"publish","type":"product","link":"https:\/\/arcalum.cl\/index.php\/producto\/shower-door-santiago\/","title":{"rendered":"Shower Door Santiago"},"content":{"rendered":"","protected":false},"excerpt":{"rendered":"<p style=\"text-align: justify;\">Las shower doors pueden ser correderas, pivotantes o abatibles, dependiendo del dise\u00f1o y las preferencias del usuario. Est\u00e1n fabricadas t\u00edpicamente con vidrio templado resistente y marcos de metal como aluminio o acero inoxidable para garantizar la durabilidad y la resistencia a la corrosi\u00f3n.<\/p>\n","protected":false},"featured_media":9532,"template":"","meta":{"_joinchat":[]},"product_cat":[114],"product_tag":[],"class_list":{"0":"post-9535","1":"product","2":"type-product","3":"status-publish","4":"has-post-thumbnail","6":"product_cat-showers","8":"first","9":"instock","10":"shipping-taxable","11":"product-type-simple"},"acf":[],"_links":{"self":[{"href":"https:\/\/arcalum.cl\/index.php\/wp-json\/wp\/v2\/product\/9535"}],"collection":[{"href":"https:\/\/arcalum.cl\/index.php\/wp-json\/wp\/v2\/product"}],"about":[{"href":"https:\/\/arcalum.cl\/index.php\/wp-json\/wp\/v2\/types\/product"}],"wp:featuredmedia":[{"embeddable":true,"href":"https:\/\/arcalum.cl\/index.php\/wp-json\/wp\/v2\/media\/9532"}],"wp:attachment":[{"href":"https:\/\/arcalum.cl\/index.php\/wp-json\/wp\/v2\/media?parent=9535"}],"wp:term":[{"taxonomy":"product_cat","embeddable":true,"href":"https:\/\/arcalum.cl\/index.php\/wp-json\/wp\/v2\/product_cat?post=9535"},{"taxonomy":"product_tag","embeddable":true,"href":"https:\/\/arcalum.cl\/index.php\/wp-json\/wp\/v2\/product_tag?post=9535"}],"curies":[{"name":"wp","href":"https:\/\/api.w.org\/{rel}","templated":true}]}}