{"id":9536,"date":"2023-11-07T12:34:32","date_gmt":"2023-11-07T12:34:32","guid":{"rendered":"https:\/\/arcalum.cl\/?post_type=product&#038;p=9536"},"modified":"2025-04-21T16:54:55","modified_gmt":"2025-04-21T16:54:55","slug":"puertas-de-aluminio","status":"publish","type":"product","link":"https:\/\/arcalum.cl\/index.php\/producto\/puertas-de-aluminio\/","title":{"rendered":"Puertas de Aluminio"},"content":{"rendered":"","protected":false},"excerpt":{"rendered":"<p style=\"text-align: justify;\">Las puertas de aluminio son elementos arquitect\u00f3nicos fabricados principalmente con aluminio, un material conocido por su durabilidad, resistencia a la corrosi\u00f3n y versatilidad. Estas puertas se utilizan com\u00fanmente en construcciones residenciales, comerciales e industriales debido a sus diversas ventajas.<\/p>\n","protected":false},"featured_media":9531,"template":"","meta":{"_joinchat":[]},"product_cat":[114],"product_tag":[],"class_list":{"0":"post-9536","1":"product","2":"type-product","3":"status-publish","4":"has-post-thumbnail","6":"product_cat-showers","8":"first","9":"instock","10":"shipping-taxable","11":"product-type-simple"},"acf":[],"_links":{"self":[{"href":"https:\/\/arcalum.cl\/index.php\/wp-json\/wp\/v2\/product\/9536"}],"collection":[{"href":"https:\/\/arcalum.cl\/index.php\/wp-json\/wp\/v2\/product"}],"about":[{"href":"https:\/\/arcalum.cl\/index.php\/wp-json\/wp\/v2\/types\/product"}],"wp:featuredmedia":[{"embeddable":true,"href":"https:\/\/arcalum.cl\/index.php\/wp-json\/wp\/v2\/media\/9531"}],"wp:attachment":[{"href":"https:\/\/arcalum.cl\/index.php\/wp-json\/wp\/v2\/media?parent=9536"}],"wp:term":[{"taxonomy":"product_cat","embeddable":true,"href":"https:\/\/arcalum.cl\/index.php\/wp-json\/wp\/v2\/product_cat?post=9536"},{"taxonomy":"product_tag","embeddable":true,"href":"https:\/\/arcalum.cl\/index.php\/wp-json\/wp\/v2\/product_tag?post=9536"}],"curies":[{"name":"wp","href":"https:\/\/api.w.org\/{rel}","templated":true}]}}